?
1
What is the thousands digit of 39931?
9
What is the thousands digit of 151430?
1
What is the tens digit of 25691?
9
What is the hundreds digit of 7335?
3
What is the units digit of 373?
3
What is the tens digit of 15155?
5
What is the hundreds digit of 1501?
5
What is the hundreds digit of 2270?
2
What is the thousands digit of 1392?
1
What is the hundreds digit of 34576?
5
What is the hundreds digit of 12106?
1
What is the units digit of 16406?
6
What is the units digit of 16519?
9
What is the hundreds digit of 5246?
2
What is the tens digit of 97213?
1
What is the hundreds digit of 1841?
8
What is the ten thousands digit of 83850?
8
What is the units digit of 20306?
6
What is the units digit of 4929?
9
What is the units digit of 946?
6
What is the hundreds digit of 2712?
7
What is the hundreds digit of 371?
3
What is the tens digit of 61690?
9
What is the units digit of 540?
0
What is the tens digit of 855?
5
What is the tens digit of 83712?
1
What is the hundreds digit of 406?
4
What is the ten thousands digit of 14778?
1
What is the tens digit of 17957?
5
What is the units digit of 691?
1
What is the thousands digit of 11507?
1
What is the ten thousands digit of 13298?
1
What is the units digit of 1656?
6
What is the units digit of 807?
7
What is the thousands digit of 2409?
2
What is the hundreds digit of 1611?
6
What is the tens digit of 2597?
9
What is the hundreds digit of 15933?
9
What is the hundreds digit of 1126?
1
What is the units digit of 781?
1
What is the tens digit of 34?
3
What is the tens digit of 10886?
8
What is the tens digit of 1716?
1
What is the hundreds digit of 8222?
2
What is the units digit of 1027?
7
What is the tens digit of 2546?
4
What is the thousands digit of 54729?
4
What is the hundreds digit of 74548?
5
What is the thousands digit of 3389?
3
What is the thousands digit of 1713?
1
What is the hundreds digit of 5372?
3
What is the hundreds digit of 388?
3
What is the tens digit of 60750?
5
What is the tens digit of 766?
6
What is the units digit of 953?
3
What is the units digit of 87995?
5
What is the tens digit of 1296?
9
What is the tens digit of 187?
8
What is the hundreds digit of 253?
2
What is the hundreds digit of 1185?
1
What is the tens digit of 3575?
7
What is the units digit of 570?
0
What is the hundreds digit of 16407?
4
What is the hundreds digit of 13682?
6
What is the units digit of 1?
1
What is the units digit of 455?
5
What is the tens digit of 23612?
1
What is the hundreds digit of 9302?
3
What is the thousands digit of 15125?
5
What is the tens digit of 76804?
0
What is the ten thousands digit of 81588?
8
What is the units digit of 20945?
5
What is the thousands digit of 20215?
0
What is the tens digit of 20164?
6
What is the tens digit of 43101?
0
What is the units digit of 25714?
4
What is the units digit of 840?
0
What is the hundreds digit of 83505?
5
What is the units digit of 22086?
6
What is the tens digit of 1338?
3
What is the hundreds digit of 17232?
2
What is the thousands digit of 14844?
4
What is the tens digit of 6771?
7
What is the hundreds digit of 96890?
8
What is the hundreds digit of 60608?
6
What is the units digit of 12301?
1
What is the units digit of 3660?
0
What is the hundreds digit of 782?
7
What is the tens digit of 3981?
8
What is the hundreds digit of 909?
9
What is the hundreds digit of 2823?
8
What is the tens digit of 8584?
8
What is the thousands digit of 1386?
1
What is the hundreds digit of 14466?
4
What is the units digit of 16968?
8
What is the units digit of 9336?
6
What is the hundreds digit of 146?
1
What is the tens digit of 6913?
1
What is the tens digit of 1623?
2
What is the hundreds digit of 1064?
0
What is the units digit of 1343?
3
What is the hundreds digit of 9675?
6
What is the ten thousands digit of 10145?
1
What is the units digit of 1369?
9
What is the hundreds digit of 3166?
1
What is the units digit of 24747?
7
What is the tens digit of 1147?
4
What is the hundreds digit of 35007?
0
What is the tens digit of 271?
7
What is the tens digit of 12770?
7
What is the hundreds digit of 26082?
0
What is the thousands digit of 3713?
3
What is the hundreds digit of 797?
7
What is the hundreds digit of 232?
2
What is the hundred thousands digit of 115250?
1
What is the ten thousands digit of 110497?
1
What is the hundreds digit of 1476?
4
What is the tens digit of 282?
8
What is the units digit of 58317?
7
What is the hundreds digit of 8542?
5
What is the tens digit of 64036?
3
What is the hundreds digit of 633?
6
What is the ten thousands digit of 13301?
1
What is the units digit of 1695?
5
What is the hundreds digit of 1756?
7
What is the units digit of 669?
9
What is the hundreds digit of 327?
3
What is the tens digit of 1598?
9
What is the units digit of 3466?
6
What is the units digit of 678?
8
What is the tens digit of 2979?
7
What is the tens digit of 299?
9
What is the hundreds digit of 35800?
8
What is the thousands digit of 43203?
3
What is the units digit of 130722?
2
What is the units digit of 36366?
6
What is the ten thousands digit of 12343?
1
What is the thousands digit of 2196?
2
What is the thousands digit of 25800?
5
What is the units digit of 13114?
4
What is the tens digit of 1291?
9
What is the hundreds digit of 3162?
1
What is the tens digit of 3931?
3
What is the ten thousands digit of 17893?
1
What is the ten thousands digit of 19636?
1
What is the hundreds digit of 28152?
1
What is the units digit of 1958?
8
What is the thousands digit of 9103?
9
What is the hundreds digit of 619?
6
What is the hundreds digit of 1229?
2
What is the tens digit of 33931?
3
What is the units digit of 821?
1
What is the hundreds digit of 14006?
0
What is the units digit of 16182?
2
What is the hundreds digit of 805?
8
What is the units digit of 113594?
4
What is the tens digit of 69425?
2
What is the thousands digit of 13074?
3
What is the units digit of 5830?
0
What is the tens digit of 5148?
4
What is the units digit of 6604?
4
What is the hundreds digit of 76489?
4
What is the thousands digit of 74632?
4
What is the units digit of 3677?
7
What is the units digit of 195?
5
What is the units digit of 3313?
3
What is the units digit of 17720?
0
What is the hundreds digit of 4103?
1
What is the tens digit of 1419?
1
What is the hundreds digit of 1270?
2
What is the thousands digit of 8107?
8
What is the thousands digit of 4470?
4
What is the hundreds digit of 1485?
4
What is the hundreds digit of 23445?
4
What is the thousands digit of 50692?
0
What is the hundreds digit of 1560?
5
What is the units digit of 2463?
3
What is the units digit of 8868?
8
What is the hundreds digit of 224?
2
What is the ten thousands digit of 11532?
1
What is the hundreds digit of 146?
1
What is the hundreds digit of 4743?
7
What is the units digit of 1116?
6
What is the tens digit of 687?
8
What is the hundreds digit of 2216?
2
What is the tens digit of 1451?
5
What is the thousands digit of 2676?
2
What is the units digit of 14762?
2
What is the units digit of 3581?
1
What is the units digit of 4082?
2
What is the thousands digit of 3837?
3
What is the units digit of 24894?
4
What is the tens digit of 1694?
9
What is the ten thousands digit of 37568?
3
What is the tens digit of 4456?
5
What is the tens digit of 6248?
4
What is the units digit of 97208?
8
What is the tens digit of 66257?
5
What is the hundreds digit of 18855?
8
What is the tens digit of 357?
5
What is the units digit of 20288?
8
What is the thousands digit of 2297?
2
What is the units digit of 26810?
0
What is the tens digit of 137358?
5
What is the hundreds digit of 451?
4
What is the units digit of 635?
5
What is the tens digit of 1139?
3
What is the tens digit of 147?
4
What is the tens digit of 66329?
2
What is the ten thousands digit of 18807?
1
What is the tens digit of 5646?
4
What is the units digit of 121176?
6
What is the units digit of 8234?
4
What is the hundreds digit of 547?
5
What is the units digit of 315?
5
What is the tens digit of 30207?
0
What is the thousands digit of 1051?
1
What is the tens digit of 7177?
7
What is the thousands digit of 8380?
8
What is the tens digit of 38510?
1
What is the units digit of 291?
1
What is the hundreds digit of 1236?
2
What is the 